ctor of t and j?
18
Suppose -4*q - 60 = -4*k - 9*q, 16 = -4*q. Let b(c) = -5*c**2 + c + 4*c**2 - 2 + 2*c**2. Let l be b(2). Calculate the highest common factor of k and l.
4
Let d = -281 + 699. Calculate the greatest common factor of 22 and d.
22
Let b = -3 + 10. Suppose -b = f - 307. Suppose -f = 9*u - 12*u. Calculate the highest common divisor of u and 40.
20
Suppose 0 = 2*o + y - 980 - 426, 2*o = -5*y + 1414. Calculate the greatest common factor of 156 and o.
78
Let x = 66 - -87. Suppose -d - 6*d = -14. Let g be 10/30 - d/(-3) - -16. What is the greatest common factor of g and x?
17
Let c = 586 - 558. Calculate the greatest common factor of c and 1792.
28
Suppose -8*u + 4*u = -5*r - 44, 3*u = -2*r + 33. Calculate the greatest common factor of u and 88.
11
Let j be 31 + (1 + 5 - 7). Let f be (-134)/(-11) - 6/33. What is the highest common factor of j and f?
6
Let q be ((-20)/6)/(23/(-828)). Calculate the highest common factor of 150 and q.
30
Let o be (-10)/(-55) + 332/(-11). Let l = -14 - o. Calculate the highest common factor of l and 32.
16
Let u(a) be the third derivative of 5/24*a**4 + 0 + 3*a**2 - 1/60*a**5 + 0*a + 1/2*a**3. Let r be u(4). What is the greatest common divisor of r and 63?
7
Suppose 85 = -5*s - m, -4*s - 68 = 5*m - m. Let j be s/(-1*2/10). Suppose 0 = -4*r - 753 + 821. Calculate the highest common divisor of j and r.
17
Suppose 5*r - 3*w - 184 - 12 = 0, -w = -4*r + 154. Calculate the greatest common divisor of 209 and r.
19
Suppose -4*g - 4*t = -524, 2*t = 5*g - 0*t - 634. Suppose 4*m - g - 96 = 0. Let k = m - 17. Calculate the highest common factor of k and 13.
13
Let w be 135 + (-34)/10 + (-10)/(-25). What is the greatest common factor of w and 44?
44
Suppose 12*l + 484 = 136. Let y = l + 32. Calculate the highest common divisor of 3 and y.
3
Suppose -42 = -5*v + 33. Let x be 2 + -5 + 4 - -1. Suppose -2*m - 4*s = -10, x*s - 3*s = -m + 5. What is the greatest common factor of m and v?
5
Let d be -4 + ((-3)/(-2))/((-6)/(-448)). Calculate the highest common factor of d and 12.
12
Suppose 2*z - 40 = 6*z. Suppose -6*f + 24 = -5*f. Let l = z + f. Calculate the greatest common factor of l and 2.
2
Suppose -5*p = 4*v - 44, 2*v - 9 + 77 = 5*p. What is the greatest common factor of p and 156?
12
Let g(f) = -4*f + 14*f**2 + f**3 - f - 42 - 3*f**2. Let y be g(-11). Let w(i) = i**2 - 3. Let h be w(-4). Calculate the greatest common divisor of y and h.
13
Let d be -4 - (-7)/(7/3). Let u be d*((-2 - -3) + -55). Let r = 75 - u. Calculate the greatest common factor of r and 147.
21
Let r be (3/4)/(4 + (-2595)/660). Calculate the greatest common divisor of r and 539.
11
Suppose -382*c = -363*c - 42009. Calculate the highest common divisor of 67 and c.
67
Let m be (-6)/(-6)*(3 + 293). Suppose 10*v - m = 6*v. Calculate the greatest common divisor of 37 and v.
37
Suppose 0 = -44*j + 40*j + 176. Calculate the greatest common divisor of 55 and j.
11
Let g = -148 + 161. What is the greatest common divisor of g and 104?
13
Let p be 20/10 - (0 - 328). Let w = p + -186. What is the greatest common divisor of 18 and w?
18
Suppose -1110*g + 1115*g = 105. Calculate the greatest common divisor of g and 28.
7
Suppose 0 = 5*c - 2*x - 94 - 127, -88 = -2*c + x. Calculate the greatest common divisor of 99 and c.
9
Let t = 64 + -30. Suppose 2*g - t = 134. What is the greatest common divisor of g and 21?
21
Let c(k) = -4*k**2 + 28*k. Let a be c(6). Calculate the highest common divisor of a and 456.
24
Suppose -d = v - 36, 4*d - 11 = 5. What is the greatest common factor of v and 296?
8
Let h be 8/(-6) - ((-266)/6 + 4). Calculate the highest common divisor of 143 and h.
13
Let i = -84 - -61. Let s = 62 - i. Calculate the greatest common factor of 5 and s.
5
Suppose 0 = -2*f + q + 36, 2*f - 2*q + 3*q = 40. Let z(r) = r. Let g be z(-3). Let c be 58 - (g + 2 + 2). What is the highest common factor of f and c?
19
Suppose 2*z = 4*y - 3*y + 13, -2*y - 3*z = -9. Let b be ((-14)/y)/((-2)/(-6)). What is the greatest common factor of 14 and b?
14
Let b be (-4 + 2)/((-1)/16). Suppose -n = 5*v - 481, 3*n - n + 286 = 3*v. What is the highest common factor of b and v?
32
Suppose 11 = -5*b - x + 1392, 0 = -5*b + 3*x + 1377. Let a be 1 - (80 + -92 + (-2)/(-2)). Calculate the highest common factor of a and b.
12
Suppose -2*g - 6*b + 2*b = 36, -4*g + 3*b - 28 = 0. Let p = 8 - g. Let r(s) = -30*s + 6. Let o be r(-4). What is the greatest common factor of p and o?
18
Suppose -23 = -0*y + y. Suppose -102 = -4*f + 70. Let m = f + y. Calculate the highest common factor of 160 and m.
20
Let n be 9*2/(-12)*-2. Let r = 172 + -172. Suppose r = -4*m - q + 97, -n*m - m + 3*q + 93 = 0. Calculate the highest common factor of m and 8.
8
Let g be 5/(-20) - (-3)/(-4). Let x be 10*((-6)/(-4) + g). What is the greatest common divisor of x and 20?
5
Suppose -2*o + o + 44 = 0. Let u = -30 + o. Let j(g) = -g**3 + 13*g**2 + 16*g - 16. Let i be j(u). Calculate the greatest common divisor of i and 24.
12
Let a be (-3)/(-15) + (-343)/(-35). Calculate the greatest common divisor of a and 170.
10
Let g(k) = -k**3 - 12*k**2 - 49*k + 10. Let v be g(-6). Calculate the highest common factor of 11 and v.
11
Let j(f) = -f**2 + 3. Suppose 0 = 5*r + 4*u - 24, 3*u + 0 = -4*r + 19. Let n be j(r). Let k = n - -26. What is the highest common factor of k and 143?
13
Suppose -3*r + 68 = 2*v, -13 = -4*r + 3*v + 55. Calculate the highest common factor of 80 and r.
20
Let y be -2 + 157 + (2 - 0)/1. Suppose -35 = -8*l + y. Let z = -32 - -68. Calculate the highest common factor of l and z.
12
Let y(z) = z**3 - 8*z**2 + 7. Let s be (-1 - 0)/(9/(-72)). Let l be y(s). Let d be (6/15)/((-1)/(-35)). What is the greatest common divisor of d and l?
7
Suppose 0 = -5*u - 169 - 446. Let o be u/6*(1 + -3). What is the highest common divisor of o and 82?
41
Let i be (2/16*4)/((-1)/(-4)). Suppose 5*o - 6 = -4*f + 11, 0 = o - 4*f + 11. Suppose -o = -i*w + 1. What is the greatest common divisor of 11 and w?
1
Let c be (-117)/(-12) + (-1)/(-4). Let p(f) = 221*f + 2883. Let j be p(-13). Calculate the highest common divisor of j and c.
10
Let h = -868 + 980. What is the highest common divisor of h and 1904?
112
Let l(n) = -n**2 - 5*n + 10. Let s be l(-6). Let a be 35/s + 3/12. Let v(z) = 4*z + 1. Let u be v(2). Calculate the greatest common factor of a and u.
9
Let y be (8/(-12))/((-1)/15). Calculate the greatest common factor of y and 350.
10
Suppose 0 = -7*a - 0 + 14. Let o be (a/(-4))/((-1)/66). Calculate the highest common factor of 3 and o.
3
Let b(i) = 39*i**2 + 3*i - 1. Let a be b(-1). Let h be 15*(-2)/3*-1. What is the greatest common factor of a and h?
5
Suppose 0 = -4*r - 229 + 349. What is the greatest common divisor of 80 and r?
10
Suppose 0 = -23*o + 25*o - 230. Calculate the highest common divisor of o and 92.
23
Let o = -383 + 1008. Calculate the greatest common factor of 25 and o.
25
Suppose -4*b + 2*j + 476 = 0, -b = 4*b - j - 598. Suppose 0 = 17*o - 12*o - b. Calculate the greatest common factor of o and 16.
8
Let c be 46/((-5)/((-5550)/20)). What is the greatest common divisor of 111 and c?
111
Suppose 1 + 11 = j. Let z = 18 - j. Suppose z + 10 = h. What is the highest common factor of h and 40?
8
Suppose 12*v - 40 = 10*v. Let n(c) = 2*c - 20. Let t be n(v). Calculate the greatest common divisor of t and 60.
20
Let n = -9 + 43. Suppose 46 - 386 = -10*z. What is the greatest common divisor of z and n?
34
Let l = 9 + -5. Let z be l/6 + 400/12. Let q be 0 - (-25*2 - 1). Calculate the greatest common factor of z and q.
17
Let i be 32 + 2 + (-3 - (-2 + 1)). Suppose 0 = j - i + 6. What is the greatest common factor of 182 and j?
26
Let p = 8 - 8. Let o be 17*(-1 - p/(-3)). Let d = 28 + o. Calculate the highest common divisor of 66 and d.
11
Let k(h) = 2*h + 14. Let d be k(-6). Let j(q) = -7*q + 2. Let y be j(d). Let z = -2 - y. Calculate the greatest common divisor of 10 and z.
10
Suppose -x = -3*x + 2*i + 10, 4*i + 21 = 5*x. Let l be 65*x - (14 - 19). Calculate the highest common factor of l and 20.
10
Let y = 657 + -414. Suppose -4*d - 5*d + y = 0. Calculate the greatest common factor of d and 3.
3
Let o(b) = -b**3 - 5*b**2 - 5*b - 1. Let s be o(-1). Suppose -5*t + 2*m = -156, s = t - m - 1 - 29. What is the greatest 